of -1/2*b**2 + 1/6*b**4 + 0 - 1/5*b**5 - b + 1/3*b**3. Calculate the remainder when r(-2) is divided by 12.
11
Suppose 3*d = -d - 5*v + 89, 0 = -5*d - 3*v + 108. Let a(w) = w**3 - 4*w**2 + 2*w + 5. Calculate the remainder when a(5) is divided by d.
19
Let k(n) = 3*n**2 + 2*n - 2. Let u be k(-2). Suppose -u*q = -2*q - 36. Let c = 63 - 38. What is the remainder when c is divided by q?
7
Suppose -u + 2*k + 1 + 16 = 0, 2*u - 50 = -4*k. Let y = -5 + 9. Suppose 7*s = -5*d + 3*s + 75, s + 39 = y*d. Calculate the remainder when u is divided by d.
10
Suppose 0 = -2*f + 6 + 6. Suppose -3*a + 3 = -42. What is the remainder when 160/a + (-1)/(-3) is divided by f?
5
Let b(f) = f**2 + 8*f + 2. Let j be b(-8). Let n(r) = r**2 - r + 1. Calculate the remainder when 3 is divided by n(j).
0
Let f = -8 - -10. Suppose 0 = 2*w - 0*w - q - 14, 4*q = -f*w - 6. Suppose -4*m - w + 65 = 0. What is the remainder when 42 is divided by m?
12
Let q = 54 + -35. Suppose 3*u + 4*z = 3 + 15, -z = 2*u - 17. Calculate the remainder when q is divided by u.
9
Let k = -460 + 680. Let w = k - 145. What is the remainder when w is divided by 19?
18
Calculate the remainder when 4*(((-4)/(-2) - 2) + 14) is divided by 15.
11
Let y = -8 + 30. Let g(s) = -s - 3. Let c be g(5). Calculate the remainder when y is divided by (-1)/(2 - 1)*c.
6
Let u = 8 - -4. Let x(d) = d**3 - 5*d**2 - 6*d + 7. Let g be x(6). Suppose 2*k = 7 + g. Calculate the remainder when u is divided by k.
5
Let g = 84 - 55. What is the remainder when 48 is divided by g?
19
Let z = 5 - 14. Let f = 9 + z. Suppose 4*n - 32 = -f*n. Calculate the remainder when 14 is divided by n.
6
Suppose l = -3*l + 8. Suppose -35 - 9 = -4*q. What is the remainder when ((-21)/6)/(l/(-12)) is divided by q?
10
Let c = -27 + 183. Let a be 5/(45/c)*3. Calculate the remainder when 2/5 - a/(-20) is divided by 2.
1
Suppose 0 = 2*r + 37 - 61. What is the remainder when 27 is divided by r?
3
Suppose -4*o = -9 - 19. Let m = 87 + -82. Calculate the remainder when o is divided by m.
2
Suppose 0 = b - 5*f - 17, -5*f - 85 = -2*b - 3*b. Suppose 3*y + 4*z - 7 = 0, -y + z = -0*z - 7. What is the remainder when b is divided by y?
2
Let d(r) = 2 + 0*r**2 + 0*r + 0*r + 3*r + 9*r**2. What is the remainder when d(-2) is divided by 11?
10
Suppose 163 = 23*z - 22*z. Calculate the remainder when z is divided by 42.
37
Suppose -22 = 2*l - 4*l. Suppose i + 2 = l. What is the remainder when i is divided by 5?
4
Let c(d) be the second derivative of -d**4/12 + 7*d**3/3 - 11*d**2/2 + 4*d. Calculate the remainder when c(8) is divided by 19.
18
Let w(s) be the third derivative of s**5/60 + 5*s**4/24 + s**3/6 + 4*s**2. What is the remainder when w(-6) is divided by 4?
3
Let f = -28 + 16. Calculate the remainder when 1 - 0 - 2 - f is divided by 4.
3
Let h = -2 - -6. Let b(i) = -i**3 + 6*i**2 + 5*i + 16. What is the remainder when h is divided by b(7)?
0
Let a be (-42)/(-15)*1*-5. Calculate the remainder when 39/(-91) + (-146)/a is divided by 4.
2
Suppose 6*x - x - 215 = 0. What is the remainder when 2/(x/(-22) + 2) is divided by 15?
14
Suppose 10*p + 18 = 16*p. Let u(q) = 2*q - 2. Calculate the remainder when u(6) is divided by p.
1
Suppose -5*b - 16 = 2*g, 5 = 2*g - 2*b - 7. What is the remainder when 35 is divided by (24/g)/(-2 - -3)?
11
Suppose 4*m + 5*g = 120, -2*m + 0*m = 3*g - 60. Calculate the remainder when m is divided by 17.
13
Suppose -7*v + 132 = 5*v. What is the remainder when 41 is divided by v?
8
What is the remainder when 0 + (-126)/(-2)*1 is divided by 8?
7
Suppose -3*k - 5*c = 5 - 18, -3*k = -4*c - 49. Calculate the remainder when 21 is divided by k.
10
Suppose 3*s - 7*s + 100 = 0. Let v(c) = -c**3 - 10*c**2 + 9*c - 15. What is the remainder when s is divided by v(-11)?
4
What is the remainder when (10/3)/((-16)/(-24)) is divided by 2?
1
Let u = 58 + -30. Suppose 5 = y - 10. Calculate the remainder when u is divided by y.
13
Suppose -4*h + 37 = 3*x, h + 7*x = 2*x - 12. Calculate the remainder when 49 is divided by h.
10
Let m(a) = 3*a**2 + 10*a + 8. Let d(p) = 4*p. Let s be d(-2). Let r be m(s). Suppose 6*g - g = r. Calculate the remainder when g is divided by 13.
11
Suppose -k = -5*k + 52. Let r = 8 + k. Calculate the remainder when r is divided by 12.
9
Suppose 270 = 5*q - 0*q. Calculate the remainder when q is divided by 11.
10
Let g be 16/12*(-3)/2. Let s be g/(-9) + 150/54. Suppose 0*f = -s*f + 42. What is the remainder when 26 is divided by f?
12
Suppose 0*p - 4*p = 0, 5*y - 3*p = 105. Let j = 17 - 28. Let h = 0 - j. Calculate the remainder when y is divided by h.
10
Calculate the remainder when 92/6 + (-4)/(-6) is divided by -8*(-1 + (-5)/(-20)).
4
Suppose 0*d - 3*g - 96 = -4*d, -d = 3*g - 24. Suppose x = 4*a - 130, x + d = 2*a - 42. Let z(v) = 7*v - 11. Calculate the remainder when a is divided by z(4).
15
Calculate the remainder when 45/10 - 3/2 - -126 is divided by 11.
8
Let u(m) = 9*m - 2. What is the remainder when 12 is divided by u(1)?
5
Let w = -4 - -10. Let l = w - 0. What is the remainder when l is divided by 4?
2
Let c(d) = d**2 + 5*d + 5. Calculate the remainder when 14 is divided by c(-5).
4
Suppose 7*f = 10*f - 39. What is the remainder when f is divided by 4?
1
Suppose 3*l - 146 = 2*d, -4*l - d = -2*l - 102. Calculate the remainder when l is divided by 13.
11
Let o = 10 + -8. Suppose -r + 4*n = -2 + 3, -3*r + o*n = -37. Calculate the remainder when r is divided by 8.
7
Suppose -j - j = 2*g - 36, -4*g = -3*j - 65. What is the remainder when 1*48 - (-2 - 0) is divided by g?
16
Suppose 12 + 0 = 2*h. Suppose -40 = -h*c + 2*c. Calculate the remainder when 19 is divided by c.
9
What is the remainder when 16 is divided by (-3)/4*2*-6?
7
Let u(o) = 2*o**2 + 3*o. Let y = -21 + 37. What is the remainder when y is divided by u(-3)?
7
Let l(p) = -3*p + 4*p + 0*p - 2*p. Let i be l(3). What is the remainder when 4 is divided by ((2 - 0) + i)*-3?
1
Suppose -b = 2*z + b + 4, -5*z - 4*b - 13 = 0. Let w = -3 - z. What is the remainder when w is divided by 1?
0
Suppose 0 = n + 3*b - 4*b - 32, 0 = -3*b - 15. Calculate the remainder when 106 is divided by n.
25
Suppose 9*p + 8 = 4*p - 4*u, p + 4*u = -8. Suppose p*s = -s + 9. Calculate the remainder when s is divided by 5.
4
Let l = -82 - -161. What is the remainder when l is divided by 20?
19
Suppose -9 = -0*o - o. Let l = 9 + -8. Calculate the remainder when o is divided by (5 - 2 - l) + 3.
4
Suppose -150 = -9*o - o. What is the remainder when 131 is divided by o?
11
Let w = -44 + 89. What is the remainder when w is divided by 24?
21
Let a(i) = 2*i**2 + 5*i - 9. Let z be a(-5). Suppose -z = -2*p - 2*p. What is the remainder when 5 is divided by p?
1
Let a be 0 + (0 + 1)*4. Calculate the remainder when 45 is divided by -2*6*a/(-3).
13
Suppose 3*c + 4*c = 224. What is the remainder when 90 is divided by c?
26
Let j be -2 - (1*-2 + 2). Let p(i) = -i - 2. Let m(f) = 3*f + 4. Let y(s) = -4*m(s) - 9*p(s). Calculate the remainder when 14 is divided by y(j).
6
Calculate the remainder when 20 is divided by ((-5)/10)/(2/(-44)).
9
Let w(z) = -54*z**3. Calculate the remainder when w(-1) is divided by 28.
26
Suppose -20 = -2*p - 3*p. Suppose p = 4*z - 0*z. Calculate the remainder when (-6)/(-24) + 7/4 is divided by z.
0
Let y(i) = i**2 - 5*i - 1. What is the remainder when y(6) is divided by 2?
1
Suppose 14 = c - 2*b, -2*b - 1 = c + 1. Suppose -c*j + 164 = -2*j. Suppose 2*i + 2*l + 24 = 4*i, 0 = i + l - 16. What is the remainder when j is divided by i?
13
Let h(a) = a**2 - 11*a + 2. Let o be h(11). Suppose d + 14 = 6*d + q, 16 = -o*d + 5*q. Calculate the remainder when 6 is divided by d.
0
Calculate the remainder when (-1)/(-2) + 395/10 is divided by 15.
10
Suppose -2*p = 4*t + 22 - 72, p = -3*t + 24. Calculate the remainder when p is divided by 7.
6
Let v(w) = 11*w. Let x be (3 - 5)*(-1)/2. Suppose -2*g + 5 + 3 = 0. What is the remainder when v(x) is divided by g?
3
Let r = 15 - 11. Let x be (3 - 3)/(r/2). Suppose -4*v - 2*h + 27 - 5 = x, -39 = -3*v + 3*h. Calculate the remainder when 15 is divided by v.
7
Let p(t) = t**3 - t**2. Let f(v) = -7*v**3 + 4*v**2 - v + 2. Let w(c) = -f(c) - 3*p(c). What is the remainder when w(2) is divided by (-3)/2*20/(-3)?
8
Suppose 4*h - 69 = h + 3*j, -3*j = 2*h - 61. Let w = 85 + -4